is 10323 + 10400132?
10411010
In base 8, what is 630416525 + 4?
630416531
In base 10, what is -151986 - -6223?
-145763
In base 9, what is 38840018 - 35?
38838873
In base 12, what is 1ab - -20165a?
201849
In base 15, what is 2129bc + 8?
2129c5
In base 7, what is -13103611 + -1?
-13103612
In base 4, what is -1332010003010211 + -10?
-1332010003010221
In base 9, what is -748477 + -52?
-748540
In base 14, what is -2 + -2b1b73b?
-2b1b73d
In base 16, what is dd9a - 29?
dd71
In base 3, what is -2121200100 + -1200011220?
-11021212020
In base 16, what is -737de3 + 5?
-737dde
In base 2, what is 10 + -10011100100100011010010?
-10011100100100011010000
In base 2, what is 10110011000000010010111 + 1?
10110011000000010011000
In base 9, what is 60 + -314112?
-314042
In base 12, what is -139a2b - -444?
-1395a7
In base 11, what is 357 - -1163?
150a
In base 3, what is -111002010 + 10021?
-110221212
In base 12, what is 7004058 + -1?
7004057
In base 4, what is -302230 - -23130221?
22221331
In base 2, what is 100101001011 - -110101000110111?
111001110000010
In base 2, what is 100010 + -1011110111010110101?
-1011110111010010011
In base 12, what is 22491 - 5?
22488
In base 8, what is -673361 + -10773?
-704354
In base 12, what is -1175 - -149a?
325
In base 3, what is 122211202 + 1010002122?
1202221101
In base 8, what is -241402 + -77?
-241501
In base 16, what is c20 + -779?
4a7
In base 13, what is -1921667 - -4?
-1921663
In base 7, what is 2543466 + 5?
2543504
In base 2, what is -11100110011000100111 + -1001100?
-11100110011001110011
In base 9, what is 4066146836 - 3?
4066146833
In base 4, what is 210031331 + -1331?
210030000
In base 4, what is -10012301330330 - 10?
-10012301331000
In base 8, what is -3323 + 2253?
-1050
In base 13, what is 37 + 3516b3?
35171a
In base 6, what is -23 + 1122512433?
1122512410
In base 12, what is -1261ba + -8?
-126206
In base 12, what is -92a29 - -167?
-92882
In base 16, what is -2 - 1d0fc0b?
-1d0fc0d
In base 3, what is 1121 - 21111121010020?
-21111121001122
In base 15, what is -1 + 5e85a77?
5e85a76
In base 4, what is -11120 - -3331122?
3320002
In base 7, what is -1643656 + -242?
-1644231
In base 5, what is 211421233400 - 13?
211421233332
In base 9, what is 8001 + -10243?
-1242
In base 4, what is 0 - 32230313?
-32230313
In base 13, what is 0 - -20722b?
20722b
In base 15, what is -d359 + 5?
-d354
In base 6, what is -5 + -1054552230?
-1054552235
In base 5, what is -30333231 - -14000?
-30314231
In base 5, what is -1310000413 + -4?
-1310000422
In base 2, what is 110100000000000011111 - 1001?
110100000000000010110
In base 10, what is 1308654 - -1?
1308655
In base 13, what is b6 + -57b7?
-5701
In base 6, what is -1241 - 2553405?
-2555050
In base 6, what is 323 - -230301225?
230301552
In base 16, what is 5 - 165c76f?
-165c76a
In base 11, what is a36 + -198039?
-197103
In base 16, what is -36702f0 + 6?
-36702ea
In base 8, what is 42656051 + -5?
42656044
In base 3, what is -110200 - 20002100?
-20120000
In base 5, what is 24010 - 4141?
14314
In base 13, what is 2a659b1 - -42?
2a65a23
In base 2, what is -100010 + -110100000100011001?
-110100000100111011
In base 7, what is -20 - 501450?
-501500
In base 10, what is -69 + -95945?
-96014
In base 13, what is 4c20881 + -1?
4c20880
In base 4, what is -123010232210 - -11?
-123010232133
In base 10, what is -7797 - -2495?
-5302
In base 8, what is 4121 - 307304?
-303163
In base 13, what is c573378 + 3?
c57337b
In base 12, what is 974b99a6 + -1?
974b99a5
In base 16, what is -dc5 - 18df?
-26a4
In base 13, what is -c783 + -366?
-cb19
In base 10, what is 186542126 - -5?
186542131
In base 8, what is 13366 - 62567?
-47201
In base 2, what is -1111 + -11000010111011100101?
-11000010111011110100
In base 14, what is -58618b9 - 4?
-58618bd
In base 4, what is -11 + -323230332032?
-323230332103
In base 2, what is -101100010001 + 1101110011000?
1000010000111
In base 5, what is -21 - -123330302?
123330231
In base 11, what is -2069201 + -5?
-2069206
In base 6, what is -354 - -521535?
521141
In base 16, what is 40 - 134426?
-1343e6
In base 4, what is 31132320 + -2212123?
22320131
In base 14, what is -1b0b - -410c?
2401
In base 5, what is 141134 + -2010422?
-1314233
In base 4, what is -2101220 - -22031?
-2013123
In base 8, what is 45 - -734315?
734362
In base 12, what is 598a42 - 34?
598a0a
In base 12, what is 2 - 32802315?
-32802313
In base 11, what is 4252a7 + -a7?
425200
In base 4, what is 1220 - -3331100103?
3331101323
In base 16, what is 996e789 - 0?
996e789
In base 3, what is 1001200110 - 10022211?
221100122
In base 10, what is -1842123 - 57?
-1842180
In base 15, what is 1bc - -44c2?
468e
In base 2, what is -1 - 1000001010100100001?
-1000001010100100010
In base 10, what is -3585 + 2791?
-794
In base 6, what is 1304550245 + 22?
1304550311
In base 7, what is -51525666 - 32?
-51526031
In base 6, what is -103032413 + 252?
-103032121
In base 10, what is 8845958 - -5?
8845963
In base 16, what is -1a + -7f8ae?
-7f8c8
In base 10, what is 2 + 36044304?
36044306
In base 11, what is 210 - -8408a?
8429a
In base 4, what is 21203331 + 10310?
21220301
In base 2, what is -11100001100010101000011 - -11?
-11100001100010101000000
In base 6, what is 33 + -44311330?
-44311253
In base 11, what is 836 - 16479?
-15743
In base 12, what is -47339 - 176?
-474b3
In base 16, what is 1027d - 1ea?
10093
In base 11, what is 13 + -29010?
-28aa8
In base 5, what is 42440434 + -3?
42440431
In base 11, what is 3 - -3a985?
3a988
In base 2, what is 1100001111100010011101010 - 1001001?
1100001111100010010100001
In base 14, what is 4 + 1791373?
1791377
In base 5, what is 21 + 21110141?
21110212
In base 14, what is -298da - -38?
-298a2
In base 6, what is 200203033 - -5?
200203042
In base 9, what is 1246 - -63382?
64638
In base 15, what is 40c6c56 - -2?
40c6c58
In base 9, what is -47624 + 87?
-47526
In base 9, what is 7 + 11478313?
11478321
In base 14, what is a0210 + 3c7?
a05d7
In base 7, what is -13411460 + 21?
-13411436
In base 14, what is -b + 1d26b?
1d260
In base 10, what is -1124 + -172319?
-173443
In base 9, what is 142144748 - 13?
142144735
In base 13, what is 5 + -3006570?
-3006568
In base 13, what is 33 - -11cb59?
11cb8c
In base 11, what is 11 + 1326440?
1326451
In base 14, what is -146 - 1a9c?
-1c04
In base 3, what is -1202022011010 - -1?
-1202022011002
In base 13, what is 18 + -3a7a9a?
-3a7a82
In base 4, what is -200103 + -10303?
-211012
In base 11, what is -13 + 59391591?
59391579
In base 14, what is -523 + 3569?
3046
In base 11, what is -5456344 + -2?
-5456346
In base 11, what is -205 + 713064?
71295a
In base 10, what is -197 - 918241?
-918438
In base 2, what is -10010000101111 + -100010011000?
-10110011000111
In base 14, what is -8 - -4db0a04?
4db09da
In base 13, what is -a688 + 80bc?
-2599
In base 6, what is -10341 + 1231443?
1221102
In base 2, what is -11011110100101011 + -101001111?
-11011111001111010
In base 2, what is 10100111101110 - -11110010?
10101011100000
In base 7, what is 3336651 + 33?
3340014
In base 5, what is -20223432022 + 1?
-20223432021
In base 3, what is 2110 - -120202221100?
120210000210
In base 15, what is -5ce9a - -329?
-5cb71
In base 9, what is 6573 + -106402?
-88718
In base 7, what is -545015405 + 5?
-545015400
In base 7, what is -160003252 - -15?
-160003234
In base 12, what is 58019a5 + -2?
58019a3
In base 13, what is -7 - -2c9a9?
2c9a2
In base 4, what is -12302222201000 + -11?
-12302222201011
In base 7, what is -632225055 - 0?
-632225055
In base 2, what is -10000010100 + 10011001000110?
10001000110010
In base 2, what is 1100100010011001011111100 + 1?
1100100010011001011111101
In base 4, what is 21 - -22233132133?
22233132220
In base 2, what is -100001101110100001110 + -100?
-100001101110100010010
In base 5, what is 10 - 1324041034?
-1324041024
In base 16, what is -2721 - -4a1a?
22f9
In base 7, what is 44 + 2311425?
2311502
In base 8, what is 5 - 520640214?
-520640207
In base 10, what is 0 + -21686203?
-21686203
In base 15, what is -24c8d + 39?
-24c54
In base 4, what is 13201010113 + 0?
13201010113
In base 12, what is 2216a4 + -2?
2216a2
In base 13, what is -41 - -2658a3?
265862
In base 5, what is -10023 + 1040403?
1030330
In base 4, what is -3 - -330311231230?
330311231221
In base 12, what is 1144a384 + 4?
1144a388
In b